{"id":128,"date":"2025-05-08T07:38:05","date_gmt":"2025-05-08T07:38:05","guid":{"rendered":"http:\/\/localhost\/carers-help\/?post_type=ufaq&#038;p=128"},"modified":"2025-10-15T07:45:48","modified_gmt":"2025-10-15T07:45:48","slug":"how-do-i-register-admin-or-carer","status":"publish","type":"ufaq","link":"https:\/\/carershelp.com\/de\/ufaq\/how-do-i-register-admin-or-carer\/","title":{"rendered":"Wie registriere ich mich? Admin oder Pflegekraft?"},"content":{"rendered":"<div  class=\"ewd-ufaq-faq-list ewd-ufaq-page-type-distinct ewd-ufaq-category-tabs-\" id='ewd-ufaq-faq-list'>\n\n\t<input type='hidden' name='show_on_load' value='' id='ewd-ufaq-show-on-load' \/>\n<input type='hidden' name='include_category' value='' id='ewd-ufaq-include-category' \/>\n<input type='hidden' name='exclude_category' value='' id='ewd-ufaq-exclude-category' \/>\n<input type='hidden' name='orderby' value='title' id='ewd-ufaq-orderby' \/>\n<input type='hidden' name='order' value='asc' id='ewd-ufaq-order' \/>\n<input type='hidden' name='post_count' value='-1' id='ewd-ufaq-post-count' \/>\n<input type='hidden' name='current_url' value='\/de\/wp-json\/wp\/v2\/ufaq\/128' id='ewd-ufaq-current-url' \/>\n\t\n\t\n\t<div class='ewd-ufaq-faqs'>\n\n\t\t<div  class=\"ewd-ufaq-faq-div ewd-ufaq-faq-column-count-one ewd-ufaq-faq-responsive-columns- ewd-ufaq-faq-display-style-default ewd-ufaq-can-be-toggled\" id='ewd-ufaq-post-128-nZ6xvIOhgr' data-post_id='128'>\n\n\t\t\n\t<div class='ewd-ufaq-faq-title ewd-ufaq-faq-toggle'>\n\t\n\t<a class='ewd-ufaq-post-margin'  href='#' role=\"button\">\n\n\t\t<div class='ewd-ufaq-post-margin-symbol ewd-ufaq-'>\n\t\t\t<span >A<\/span>\n\t\t<\/div>\n\n\t\t<div class='ewd-ufaq-faq-title-text'>\n\n\t\t\t<h4>\n\t\t\t\tWie registriere ich mich? Admin oder Pflegekraft?\t\t\t<\/h4>\n\n\t\t<\/div>\n\n\t\t<div class='ewd-ufaq-clear'><\/div>\n\n\t<\/a>\n\t\n<\/div>\n\t\n\t<div class='ewd-ufaq-faq-body' >\n\n\t\t\n\t\t\t\n\t\t\n\t\t\t<div class='ewd-ufaq-post-margin ewd-ufaq-faq-post'>\n\t<p><span style=\"font-weight: 400\">Wenn Sie derjenige sind, der Pflegeschichten zuweist, Termine bucht, Ausgaben organisiert und generell die Pflege Ihres geliebten Menschen verwaltet, dann registrieren Sie sich als Manager und k\u00f6nnen Familienmitglieder und Pflegekr\u00e4fte einladen, sich als Pflegekraft f\u00fcr Ihr Konto zu registrieren. Wenn Sie ein Familienmitglied oder Freund sind, der helfen m\u00f6chte, dann registrieren Sie sich als Pflegekraft und nehmen Sie die Einladung des <\/span><span style=\"font-weight: 400\">Administrators <\/span><span style=\"font-weight: 400\">an oder laden Sie das Familienmitglied ein, welches die Verwaltung \u00fcbernehmen wird. Wenn Sie eine Pflegekraft sind, die von jemandem angestellt wurde, der bereits ein Konto als <\/span><span style=\"font-weight: 400\">Administrator <\/span><span style=\"font-weight: 400\">hat, registrieren Sie sich als Pflegekraft und nehmen Sie dessen Einladung an oder senden Sie die Einladung an den <\/span><span style=\"font-weight: 400\">Administrator<\/span><span style=\"font-weight: 400\">, um die Konten zu verbinden.<\/span><\/p>\n<\/div>\n\t\t\n\t\t\t\n\t\t\n\t\t\t\n\t\t\n\t\t\t\n\t\t\n\t\t\t\n\t\t\n\t\t\t\n\t\t\n\t\t\t\n\t\t\n\t\t\t\n\t\t\n\t\t\t\n\t\t\n\t<\/div>\n\n<\/div>\n\t<\/div>\n\n\t\n<\/div>","protected":false},"excerpt":{"rendered":"<p>A Wie registriere ich mich? Admin oder Pflegekraft? Wenn Sie derjenige sind, der Pflegeschichten zuweist, Termine bucht, Ausgaben organisiert und generell die Pflege Ihres geliebten Menschen verwaltet, dann registrieren Sie sich als Manager und k\u00f6nnen Familienmitglieder und Pflegekr\u00e4fte einladen, sich als Pflegekraft f\u00fcr Ihr Konto zu registrieren. Wenn Sie ein Familienmitglied oder Freund sind, der&hellip; <a class=\"more-link\" href=\"https:\/\/carershelp.com\/de\/ufaq\/how-do-i-register-admin-or-carer\/\"><span class=\"screen-reader-text\">Wie registriere ich mich? Admin oder Pflegekraft?<\/span> weiterlesen<\/a><\/p>\n","protected":false},"author":1,"comment_status":"open","ping_status":"closed","template":"","ufaq-category":[],"ufaq-tag":[],"class_list":["post-128","ufaq","type-ufaq","status-publish","hentry","entry"],"acf":[],"yoast_head":"<!-- This site is optimized with the Yoast SEO plugin v26.6 - https:\/\/yoast.com\/wordpress\/plugins\/seo\/ -->\n<title>Wie registriere ich mich? Admin oder Pflegekraft?<\/title>\n<meta name=\"robots\" content=\"index, follow, max-snippet:-1, max-image-preview:large, max-video-preview:-1\" \/>\n<link rel=\"canonical\" href=\"https:\/\/carershelp.com\/de\/ufaq\/how-do-i-register-admin-or-carer\/\" \/>\n<meta property=\"og:locale\" content=\"de_DE\" \/>\n<meta property=\"og:locale:alternate\" content=\"en_AU\" \/>\n<meta property=\"og:locale:alternate\" content=\"it_IT\" \/>\n<meta property=\"og:locale:alternate\" content=\"es_ES\" \/>\n<meta property=\"og:locale:alternate\" content=\"ro_RO\" \/>\n<meta property=\"og:type\" content=\"article\" \/>\n<meta property=\"og:title\" content=\"Wie registriere ich mich? Admin oder Pflegekraft?\" \/>\n<meta property=\"og:description\" content=\"A Wie registriere ich mich? Admin oder Pflegekraft? Wenn Sie derjenige sind, der Pflegeschichten zuweist, Termine bucht, Ausgaben organisiert und generell die Pflege Ihres geliebten Menschen verwaltet, dann registrieren Sie sich als Manager und k\u00f6nnen Familienmitglieder und Pflegekr\u00e4fte einladen, sich als Pflegekraft f\u00fcr Ihr Konto zu registrieren. Wenn Sie ein Familienmitglied oder Freund sind, der&hellip; Wie registriere ich mich? Admin oder Pflegekraft? weiterlesen\" \/>\n<meta property=\"og:url\" content=\"https:\/\/carershelp.com\/de\/ufaq\/how-do-i-register-admin-or-carer\/\" \/>\n<meta property=\"og:site_name\" content=\"Carers Help\" \/>\n<meta property=\"article:modified_time\" content=\"2025-10-15T07:45:48+00:00\" \/>\n<meta name=\"twitter:card\" content=\"summary_large_image\" \/>\n<meta name=\"twitter:label1\" content=\"Gesch\u00e4tzte Lesezeit\" \/>\n\t<meta name=\"twitter:data1\" content=\"2\u00a0Minuten\" \/>\n<script type=\"application\/ld+json\" class=\"yoast-schema-graph\">{\"@context\":\"https:\/\/schema.org\",\"@graph\":[{\"@type\":\"WebPage\",\"@id\":\"https:\/\/carershelp.com\/ufaq\/how-do-i-register-admin-or-carer\/\",\"url\":\"https:\/\/carershelp.com\/ufaq\/how-do-i-register-admin-or-carer\/\",\"name\":\"Wie registriere ich mich? Admin oder Pflegekraft?\",\"isPartOf\":{\"@id\":\"https:\/\/carershelp.com\/#website\"},\"datePublished\":\"2025-05-08T07:38:05+00:00\",\"dateModified\":\"2025-10-15T07:45:48+00:00\",\"breadcrumb\":{\"@id\":\"https:\/\/carershelp.com\/ufaq\/how-do-i-register-admin-or-carer\/#breadcrumb\"},\"inLanguage\":\"de-DE\",\"potentialAction\":[{\"@type\":\"ReadAction\",\"target\":[\"https:\/\/carershelp.com\/ufaq\/how-do-i-register-admin-or-carer\/\"]}]},{\"@type\":\"BreadcrumbList\",\"@id\":\"https:\/\/carershelp.com\/ufaq\/how-do-i-register-admin-or-carer\/#breadcrumb\",\"itemListElement\":[{\"@type\":\"ListItem\",\"position\":1,\"name\":\"Home\",\"item\":\"https:\/\/carershelp.com\/it\/\"},{\"@type\":\"ListItem\",\"position\":2,\"name\":\"FAQs\",\"item\":\"https:\/\/carershelp.com\/ufaq\/\"},{\"@type\":\"ListItem\",\"position\":3,\"name\":\"How Do I Register? Admin or Carer?\"}]},{\"@type\":\"WebSite\",\"@id\":\"https:\/\/carershelp.com\/#website\",\"url\":\"https:\/\/carershelp.com\/\",\"name\":\"Carers Help\",\"description\":\"\",\"potentialAction\":[{\"@type\":\"SearchAction\",\"target\":{\"@type\":\"EntryPoint\",\"urlTemplate\":\"https:\/\/carershelp.com\/?s={search_term_string}\"},\"query-input\":{\"@type\":\"PropertyValueSpecification\",\"valueRequired\":true,\"valueName\":\"search_term_string\"}}],\"inLanguage\":\"de-DE\"}]}<\/script>\n<!-- \/ Yoast SEO plugin. -->","yoast_head_json":{"title":"Wie registriere ich mich? Admin oder Pflegekraft?","robots":{"index":"index","follow":"follow","max-snippet":"max-snippet:-1","max-image-preview":"max-image-preview:large","max-video-preview":"max-video-preview:-1"},"canonical":"https:\/\/carershelp.com\/de\/ufaq\/how-do-i-register-admin-or-carer\/","og_locale":"de_DE","og_type":"article","og_title":"[:en]How Do I Register? Admin or Carer?[:it]Come mi registro? Gestore o badante?[:de]Wie registriere ich mich? Admin oder Pflegekraft?[:es]\u00bfC\u00f3mo me registro? \u00bfGestor o cuidador?[:] - Carers Help","og_description":"A Wie registriere ich mich? Admin oder Pflegekraft? Wenn Sie derjenige sind, der Pflegeschichten zuweist, Termine bucht, Ausgaben organisiert und generell die Pflege Ihres geliebten Menschen verwaltet, dann registrieren Sie sich als Manager und k\u00f6nnen Familienmitglieder und Pflegekr\u00e4fte einladen, sich als Pflegekraft f\u00fcr Ihr Konto zu registrieren. Wenn Sie ein Familienmitglied oder Freund sind, der&hellip; Wie registriere ich mich? Admin oder Pflegekraft? weiterlesen","og_url":"https:\/\/carershelp.com\/de\/ufaq\/how-do-i-register-admin-or-carer\/","og_site_name":"Carers Help","article_modified_time":"2025-10-15T07:45:48+00:00","twitter_card":"summary_large_image","twitter_misc":{"Gesch\u00e4tzte Lesezeit":"2\u00a0Minuten"},"schema":{"@context":"https:\/\/schema.org","@graph":[{"@type":"WebPage","@id":"https:\/\/carershelp.com\/ufaq\/how-do-i-register-admin-or-carer\/","url":"https:\/\/carershelp.com\/ufaq\/how-do-i-register-admin-or-carer\/","name":"Wie registriere ich mich? Admin oder Pflegekraft?","isPartOf":{"@id":"https:\/\/carershelp.com\/#website"},"datePublished":"2025-05-08T07:38:05+00:00","dateModified":"2025-10-15T07:45:48+00:00","breadcrumb":{"@id":"https:\/\/carershelp.com\/ufaq\/how-do-i-register-admin-or-carer\/#breadcrumb"},"inLanguage":"de-DE","potentialAction":[{"@type":"ReadAction","target":["https:\/\/carershelp.com\/ufaq\/how-do-i-register-admin-or-carer\/"]}]},{"@type":"BreadcrumbList","@id":"https:\/\/carershelp.com\/ufaq\/how-do-i-register-admin-or-carer\/#breadcrumb","itemListElement":[{"@type":"ListItem","position":1,"name":"Home","item":"https:\/\/carershelp.com\/it\/"},{"@type":"ListItem","position":2,"name":"FAQs","item":"https:\/\/carershelp.com\/ufaq\/"},{"@type":"ListItem","position":3,"name":"How Do I Register? Admin or Carer?"}]},{"@type":"WebSite","@id":"https:\/\/carershelp.com\/#website","url":"https:\/\/carershelp.com\/","name":"Carers Help","description":"","potentialAction":[{"@type":"SearchAction","target":{"@type":"EntryPoint","urlTemplate":"https:\/\/carershelp.com\/?s={search_term_string}"},"query-input":{"@type":"PropertyValueSpecification","valueRequired":true,"valueName":"search_term_string"}}],"inLanguage":"de-DE"}]}},"_links":{"self":[{"href":"https:\/\/carershelp.com\/de\/wp-json\/wp\/v2\/ufaq\/128","targetHints":{"allow":["GET"]}}],"collection":[{"href":"https:\/\/carershelp.com\/de\/wp-json\/wp\/v2\/ufaq"}],"about":[{"href":"https:\/\/carershelp.com\/de\/wp-json\/wp\/v2\/types\/ufaq"}],"author":[{"embeddable":true,"href":"https:\/\/carershelp.com\/de\/wp-json\/wp\/v2\/users\/1"}],"replies":[{"embeddable":true,"href":"https:\/\/carershelp.com\/de\/wp-json\/wp\/v2\/comments?post=128"}],"wp:attachment":[{"href":"https:\/\/carershelp.com\/de\/wp-json\/wp\/v2\/media?parent=128"}],"wp:term":[{"taxonomy":"ufaq-category","embeddable":true,"href":"https:\/\/carershelp.com\/de\/wp-json\/wp\/v2\/ufaq-category?post=128"},{"taxonomy":"ufaq-tag","embeddable":true,"href":"https:\/\/carershelp.com\/de\/wp-json\/wp\/v2\/ufaq-tag?post=128"}],"curies":[{"name":"wp","href":"https:\/\/api.w.org\/{rel}","templated":true}]}}

<div  class="ewd-ufaq-faq-list ewd-ufaq-page-type-distinct ewd-ufaq-category-tabs-" id='ewd-ufaq-faq-list'>

	<input type='hidden' name='show_on_load' value='' id='ewd-ufaq-show-on-load' />
<input type='hidden' name='include_category' value='' id='ewd-ufaq-include-category' />
<input type='hidden' name='exclude_category' value='' id='ewd-ufaq-exclude-category' />
<input type='hidden' name='orderby' value='title' id='ewd-ufaq-orderby' />
<input type='hidden' name='order' value='asc' id='ewd-ufaq-order' />
<input type='hidden' name='post_count' value='-1' id='ewd-ufaq-post-count' />
<input type='hidden' name='current_url' value='/de/wp-json/wp/v2/ufaq/128' id='ewd-ufaq-current-url' />
	
	
	<div class='ewd-ufaq-faqs'>

		<div  class="ewd-ufaq-faq-div ewd-ufaq-faq-column-count-one ewd-ufaq-faq-responsive-columns- ewd-ufaq-faq-display-style-default ewd-ufaq-can-be-toggled" id='ewd-ufaq-post-128-nZ6xvIOhgr' data-post_id='128'>

		
	<div class='ewd-ufaq-faq-title ewd-ufaq-faq-toggle'>
	
	<a class='ewd-ufaq-post-margin'  href='#' role="button">

		<div class='ewd-ufaq-post-margin-symbol ewd-ufaq-'>
			<span >A</span>
		</div>

		<div class='ewd-ufaq-faq-title-text'>

			<h4>
				Wie registriere ich mich? Admin oder Pflegekraft?			</h4>

		</div>

		<div class='ewd-ufaq-clear'></div>

	</a>
	
</div>
	
	<div class='ewd-ufaq-faq-body' >

		
			
		
			<div class='ewd-ufaq-post-margin ewd-ufaq-faq-post'>
	<p><span style="font-weight: 400">Wenn Sie derjenige sind, der Pflegeschichten zuweist, Termine bucht, Ausgaben organisiert und generell die Pflege Ihres geliebten Menschen verwaltet, dann registrieren Sie sich als Manager und können Familienmitglieder und Pflegekräfte einladen, sich als Pflegekraft für Ihr Konto zu registrieren. Wenn Sie ein Familienmitglied oder Freund sind, der helfen möchte, dann registrieren Sie sich als Pflegekraft und nehmen Sie die Einladung des </span><span style="font-weight: 400">Administrators </span><span style="font-weight: 400">an oder laden Sie das Familienmitglied ein, welches die Verwaltung übernehmen wird. Wenn Sie eine Pflegekraft sind, die von jemandem angestellt wurde, der bereits ein Konto als </span><span style="font-weight: 400">Administrator </span><span style="font-weight: 400">hat, registrieren Sie sich als Pflegekraft und nehmen Sie dessen Einladung an oder senden Sie die Einladung an den </span><span style="font-weight: 400">Administrator</span><span style="font-weight: 400">, um die Konten zu verbinden.</span></p>
</div>
		
			
		
			
		
			
		
			
		
			
		
			
		
			
		
			
		
	</div>

</div>
	</div>

	
</div>

<p>A Wie registriere ich mich? Admin oder Pflegekraft? Wenn Sie derjenige sind, der Pflegeschichten zuweist, Termine bucht, Ausgaben organisiert und generell die Pflege Ihres geliebten Menschen verwaltet, dann registrieren Sie sich als Manager und können Familienmitglieder und Pflegekräfte einladen, sich als Pflegekraft für Ihr Konto zu registrieren. Wenn Sie ein Familienmitglied oder Freund sind, der&hellip; <a class="more-link" href="https://carershelp.com/de/ufaq/how-do-i-register-admin-or-carer/"><span class="screen-reader-text">Wie registriere ich mich? Admin oder Pflegekraft?</span> weiterlesen</a></p>

<!-- This site is optimized with the Yoast SEO plugin v26.6 - https://yoast.com/wordpress/plugins/seo/ -->
<title>Wie registriere ich mich? Admin oder Pflegekraft?</title>
<meta name="robots" content="index, follow, max-snippet:-1, max-image-preview:large, max-video-preview:-1" />
<link rel="canonical" href="https://carershelp.com/de/ufaq/how-do-i-register-admin-or-carer/" />
<meta property="og:locale" content="de_DE" />
<meta property="og:locale:alternate" content="en_AU" />
<meta property="og:locale:alternate" content="it_IT" />
<meta property="og:locale:alternate" content="es_ES" />
<meta property="og:locale:alternate" content="ro_RO" />
<meta property="og:type" content="article" />
<meta property="og:title" content="Wie registriere ich mich? Admin oder Pflegekraft?" />
<meta property="og:description" content="A Wie registriere ich mich? Admin oder Pflegekraft? Wenn Sie derjenige sind, der Pflegeschichten zuweist, Termine bucht, Ausgaben organisiert und generell die Pflege Ihres geliebten Menschen verwaltet, dann registrieren Sie sich als Manager und können Familienmitglieder und Pflegekräfte einladen, sich als Pflegekraft für Ihr Konto zu registrieren. Wenn Sie ein Familienmitglied oder Freund sind, der&hellip; Wie registriere ich mich? Admin oder Pflegekraft? weiterlesen" />
<meta property="og:url" content="https://carershelp.com/de/ufaq/how-do-i-register-admin-or-carer/" />
<meta property="og:site_name" content="Carers Help" />
<meta property="article:modified_time" content="2025-10-15T07:45:48+00:00" />
<meta name="twitter:card" content="summary_large_image" />
<meta name="twitter:label1" content="Geschätzte Lesezeit" />
	<meta name="twitter:data1" content="2 Minuten" />
<script type="application/ld+json" class="yoast-schema-graph">{"@context":"https://schema.org","@graph":[{"@type":"WebPage","@id":"https://carershelp.com/ufaq/how-do-i-register-admin-or-carer/","url":"https://carershelp.com/ufaq/how-do-i-register-admin-or-carer/","name":"Wie registriere ich mich? Admin oder Pflegekraft?","isPartOf":{"@id":"https://carershelp.com/#website"},"datePublished":"2025-05-08T07:38:05+00:00","dateModified":"2025-10-15T07:45:48+00:00","breadcrumb":{"@id":"https://carershelp.com/ufaq/how-do-i-register-admin-or-carer/#breadcrumb"},"inLanguage":"de-DE","potentialAction":[{"@type":"ReadAction","target":["https://carershelp.com/ufaq/how-do-i-register-admin-or-carer/"]}]},{"@type":"BreadcrumbList","@id":"https://carershelp.com/ufaq/how-do-i-register-admin-or-carer/#breadcrumb","itemListElement":[{"@type":"ListItem","position":1,"name":"Home","item":"https://carershelp.com/it/"},{"@type":"ListItem","position":2,"name":"FAQs","item":"https://carershelp.com/ufaq/"},{"@type":"ListItem","position":3,"name":"How Do I Register? Admin or Carer?"}]},{"@type":"WebSite","@id":"https://carershelp.com/#website","url":"https://carershelp.com/","name":"Carers Help","description":"","potentialAction":[{"@type":"SearchAction","target":{"@type":"EntryPoint","urlTemplate":"https://carershelp.com/?s={search_term_string}"},"query-input":{"@type":"PropertyValueSpecification","valueRequired":true,"valueName":"search_term_string"}}],"inLanguage":"de-DE"}]}</script>
<!-- / Yoast SEO plugin. -->

[:en]How Do I Register? Admin or Carer?[:it]Come mi registro? Gestore o badante?[:de]Wie registriere ich mich? Admin oder Pflegekraft?[:es]¿Cómo me registro? ¿Gestor o cuidador?[:] - Carers Help

A Wie registriere ich mich? Admin oder Pflegekraft? Wenn Sie derjenige sind, der Pflegeschichten zuweist, Termine bucht, Ausgaben organisiert und generell die Pflege Ihres geliebten Menschen verwaltet, dann registrieren Sie sich als Manager und können Familienmitglieder und Pflegekräfte einladen, sich als Pflegekraft für Ihr Konto zu registrieren. Wenn Sie ein Familienmitglied oder Freund sind, der&hellip; Wie registriere ich mich? Admin oder Pflegekraft? weiterlesen
