{"id":129,"date":"2025-05-08T07:38:21","date_gmt":"2025-05-08T07:38:21","guid":{"rendered":"http:\/\/localhost\/carers-help\/?post_type=ufaq&#038;p=129"},"modified":"2025-10-15T07:46:37","modified_gmt":"2025-10-15T07:46:37","slug":"can-i-change-the-account-from-admin-to-carer-and-vice-versa","status":"publish","type":"ufaq","link":"https:\/\/carershelp.com\/de\/ufaq\/can-i-change-the-account-from-admin-to-carer-and-vice-versa\/","title":{"rendered":"Kann ich das Konto von Administrator zu Pflegekraft und umgekehrt \u00e4ndern?"},"content":{"rendered":"<div  class=\"ewd-ufaq-faq-list ewd-ufaq-page-type-distinct ewd-ufaq-category-tabs-\" id='ewd-ufaq-faq-list'>\n\n\t<input type='hidden' name='show_on_load' value='' id='ewd-ufaq-show-on-load' \/>\n<input type='hidden' name='include_category' value='' id='ewd-ufaq-include-category' \/>\n<input type='hidden' name='exclude_category' value='' id='ewd-ufaq-exclude-category' \/>\n<input type='hidden' name='orderby' value='title' id='ewd-ufaq-orderby' \/>\n<input type='hidden' name='order' value='asc' id='ewd-ufaq-order' \/>\n<input type='hidden' name='post_count' value='-1' id='ewd-ufaq-post-count' \/>\n<input type='hidden' name='current_url' value='\/de\/wp-json\/wp\/v2\/ufaq\/129' id='ewd-ufaq-current-url' \/>\n\t\n\t\n\t<div class='ewd-ufaq-faqs'>\n\n\t\t<div  class=\"ewd-ufaq-faq-div ewd-ufaq-faq-column-count-one ewd-ufaq-faq-responsive-columns- ewd-ufaq-faq-display-style-default ewd-ufaq-can-be-toggled\" id='ewd-ufaq-post-129-NdoNtmW8hZ' data-post_id='129'>\n\n\t\t\n\t<div class='ewd-ufaq-faq-title ewd-ufaq-faq-toggle'>\n\t\n\t<a class='ewd-ufaq-post-margin'  href='#' role=\"button\">\n\n\t\t<div class='ewd-ufaq-post-margin-symbol ewd-ufaq-'>\n\t\t\t<span >A<\/span>\n\t\t<\/div>\n\n\t\t<div class='ewd-ufaq-faq-title-text'>\n\n\t\t\t<h4>\n\t\t\t\tKann ich das Konto von Administrator zu Pflegekraft und umgekehrt \u00e4ndern?\t\t\t<\/h4>\n\n\t\t<\/div>\n\n\t\t<div class='ewd-ufaq-clear'><\/div>\n\n\t<\/a>\n\t\n<\/div>\n\t\n\t<div class='ewd-ufaq-faq-body' >\n\n\t\t\n\t\t\t\n\t\t\n\t\t\t<div class='ewd-ufaq-post-margin ewd-ufaq-faq-post'>\n\t<p><span style=\"font-weight: 400\">Ja, in Ihrem Profil k\u00f6nnen Sie das Konto von Pflegekraft zu <\/span><span style=\"font-weight: 400\">Administrator <\/span><span style=\"font-weight: 400\">und umgekehrt \u00e4ndern, indem Sie den Schalter mit der Bezeichnung \u201ePflegekraft\u201c aktivieren oder deaktivieren. So k\u00f6nnen Sie ein \u201ePflegekraft\u201c-Konto haben, wenn Sie als Pflegekraft f\u00fcr eine Familie arbeiten oder ein Familienmitglied sind, das einfach auf dem Laufenden bleiben m\u00f6chte, und ein <\/span><span style=\"font-weight: 400\">\u201eAdmin<\/span><span style=\"font-weight: 400\">\u201c-Konto, wenn die Familienmitglieder Ihres Klienten kein Konto erstellt haben oder wenn Sie auch einen geliebten Menschen verwalten.<\/span><\/p>\n<\/div>\n\t\t\n\t\t\t\n\t\t\n\t\t\t\n\t\t\n\t\t\t\n\t\t\n\t\t\t\n\t\t\n\t\t\t\n\t\t\n\t\t\t\n\t\t\n\t\t\t\n\t\t\n\t\t\t\n\t\t\n\t<\/div>\n\n<\/div>\n\t<\/div>\n\n\t\n<\/div>","protected":false},"excerpt":{"rendered":"<p>A Kann ich das Konto von Administrator zu Pflegekraft und umgekehrt \u00e4ndern? Ja, in Ihrem Profil k\u00f6nnen Sie das Konto von Pflegekraft zu Administrator und umgekehrt \u00e4ndern, indem Sie den Schalter mit der Bezeichnung \u201ePflegekraft\u201c aktivieren oder deaktivieren. So k\u00f6nnen Sie ein \u201ePflegekraft\u201c-Konto haben, wenn Sie als Pflegekraft f\u00fcr eine Familie arbeiten oder ein Familienmitglied&hellip; <a class=\"more-link\" href=\"https:\/\/carershelp.com\/de\/ufaq\/can-i-change-the-account-from-admin-to-carer-and-vice-versa\/\"><span class=\"screen-reader-text\">Kann ich das Konto von Administrator zu Pflegekraft und umgekehrt \u00e4ndern?<\/span> weiterlesen<\/a><\/p>\n","protected":false},"author":1,"comment_status":"open","ping_status":"closed","template":"","ufaq-category":[],"ufaq-tag":[],"class_list":["post-129","ufaq","type-ufaq","status-publish","hentry","entry"],"acf":[],"yoast_head":"<!-- This site is optimized with the Yoast SEO plugin v26.6 - https:\/\/yoast.com\/wordpress\/plugins\/seo\/ -->\n<title>Kann ich das Konto von Administrator zu Pflegekraft und umgekehrt \u00e4ndern?<\/title>\n<meta name=\"robots\" content=\"index, follow, max-snippet:-1, max-image-preview:large, max-video-preview:-1\" \/>\n<link rel=\"canonical\" href=\"https:\/\/carershelp.com\/de\/ufaq\/can-i-change-the-account-from-admin-to-carer-and-vice-versa\/\" \/>\n<meta property=\"og:locale\" content=\"de_DE\" \/>\n<meta property=\"og:locale:alternate\" content=\"en_AU\" \/>\n<meta property=\"og:locale:alternate\" content=\"it_IT\" \/>\n<meta property=\"og:locale:alternate\" content=\"es_ES\" \/>\n<meta property=\"og:locale:alternate\" content=\"ro_RO\" \/>\n<meta property=\"og:type\" content=\"article\" \/>\n<meta property=\"og:title\" content=\"Kann ich das Konto von Administrator zu Pflegekraft und umgekehrt \u00e4ndern?\" \/>\n<meta property=\"og:description\" content=\"A Kann ich das Konto von Administrator zu Pflegekraft und umgekehrt \u00e4ndern? Ja, in Ihrem Profil k\u00f6nnen Sie das Konto von Pflegekraft zu Administrator und umgekehrt \u00e4ndern, indem Sie den Schalter mit der Bezeichnung \u201ePflegekraft\u201c aktivieren oder deaktivieren. So k\u00f6nnen Sie ein \u201ePflegekraft\u201c-Konto haben, wenn Sie als Pflegekraft f\u00fcr eine Familie arbeiten oder ein Familienmitglied&hellip; Kann ich das Konto von Administrator zu Pflegekraft und umgekehrt \u00e4ndern? weiterlesen\" \/>\n<meta property=\"og:url\" content=\"https:\/\/carershelp.com\/de\/ufaq\/can-i-change-the-account-from-admin-to-carer-and-vice-versa\/\" \/>\n<meta property=\"og:site_name\" content=\"Carers Help\" \/>\n<meta property=\"article:modified_time\" content=\"2025-10-15T07:46:37+00:00\" \/>\n<meta name=\"twitter:card\" content=\"summary_large_image\" \/>\n<meta name=\"twitter:label1\" content=\"Gesch\u00e4tzte Lesezeit\" \/>\n\t<meta name=\"twitter:data1\" content=\"1\u00a0Minute\" \/>\n<script type=\"application\/ld+json\" class=\"yoast-schema-graph\">{\"@context\":\"https:\/\/schema.org\",\"@graph\":[{\"@type\":\"WebPage\",\"@id\":\"https:\/\/carershelp.com\/ufaq\/can-i-change-the-account-from-admin-to-carer-and-vice-versa\/\",\"url\":\"https:\/\/carershelp.com\/ufaq\/can-i-change-the-account-from-admin-to-carer-and-vice-versa\/\",\"name\":\"Kann ich das Konto von Administrator zu Pflegekraft und umgekehrt \u00e4ndern?\",\"isPartOf\":{\"@id\":\"https:\/\/carershelp.com\/#website\"},\"datePublished\":\"2025-05-08T07:38:21+00:00\",\"dateModified\":\"2025-10-15T07:46:37+00:00\",\"breadcrumb\":{\"@id\":\"https:\/\/carershelp.com\/ufaq\/can-i-change-the-account-from-admin-to-carer-and-vice-versa\/#breadcrumb\"},\"inLanguage\":\"de-DE\",\"potentialAction\":[{\"@type\":\"ReadAction\",\"target\":[\"https:\/\/carershelp.com\/ufaq\/can-i-change-the-account-from-admin-to-carer-and-vice-versa\/\"]}]},{\"@type\":\"BreadcrumbList\",\"@id\":\"https:\/\/carershelp.com\/ufaq\/can-i-change-the-account-from-admin-to-carer-and-vice-versa\/#breadcrumb\",\"itemListElement\":[{\"@type\":\"ListItem\",\"position\":1,\"name\":\"Home\",\"item\":\"https:\/\/carershelp.com\/it\/\"},{\"@type\":\"ListItem\",\"position\":2,\"name\":\"FAQs\",\"item\":\"https:\/\/carershelp.com\/ufaq\/\"},{\"@type\":\"ListItem\",\"position\":3,\"name\":\"Can I change the account from admin to carer and vice versa?\"}]},{\"@type\":\"WebSite\",\"@id\":\"https:\/\/carershelp.com\/#website\",\"url\":\"https:\/\/carershelp.com\/\",\"name\":\"Carers Help\",\"description\":\"\",\"potentialAction\":[{\"@type\":\"SearchAction\",\"target\":{\"@type\":\"EntryPoint\",\"urlTemplate\":\"https:\/\/carershelp.com\/?s={search_term_string}\"},\"query-input\":{\"@type\":\"PropertyValueSpecification\",\"valueRequired\":true,\"valueName\":\"search_term_string\"}}],\"inLanguage\":\"de-DE\"}]}<\/script>\n<!-- \/ Yoast SEO plugin. -->","yoast_head_json":{"title":"Kann ich das Konto von Administrator zu Pflegekraft und umgekehrt \u00e4ndern?","robots":{"index":"index","follow":"follow","max-snippet":"max-snippet:-1","max-image-preview":"max-image-preview:large","max-video-preview":"max-video-preview:-1"},"canonical":"https:\/\/carershelp.com\/de\/ufaq\/can-i-change-the-account-from-admin-to-carer-and-vice-versa\/","og_locale":"de_DE","og_type":"article","og_title":"[:en]Can I change the account from admin to carer and vice versa?[:it]Can I change the account from admin to carer and vice versa?[:de]Kann ich das Konto von Administrator zu Pflegekraft und umgekehrt \u00e4ndern?[:es]\u00bfPuedo cambiar de cuenta de gestor a cuidador y viceversa?[:] - Carers Help","og_description":"A Kann ich das Konto von Administrator zu Pflegekraft und umgekehrt \u00e4ndern? Ja, in Ihrem Profil k\u00f6nnen Sie das Konto von Pflegekraft zu Administrator und umgekehrt \u00e4ndern, indem Sie den Schalter mit der Bezeichnung \u201ePflegekraft\u201c aktivieren oder deaktivieren. So k\u00f6nnen Sie ein \u201ePflegekraft\u201c-Konto haben, wenn Sie als Pflegekraft f\u00fcr eine Familie arbeiten oder ein Familienmitglied&hellip; Kann ich das Konto von Administrator zu Pflegekraft und umgekehrt \u00e4ndern? weiterlesen","og_url":"https:\/\/carershelp.com\/de\/ufaq\/can-i-change-the-account-from-admin-to-carer-and-vice-versa\/","og_site_name":"Carers Help","article_modified_time":"2025-10-15T07:46:37+00:00","twitter_card":"summary_large_image","twitter_misc":{"Gesch\u00e4tzte Lesezeit":"1\u00a0Minute"},"schema":{"@context":"https:\/\/schema.org","@graph":[{"@type":"WebPage","@id":"https:\/\/carershelp.com\/ufaq\/can-i-change-the-account-from-admin-to-carer-and-vice-versa\/","url":"https:\/\/carershelp.com\/ufaq\/can-i-change-the-account-from-admin-to-carer-and-vice-versa\/","name":"Kann ich das Konto von Administrator zu Pflegekraft und umgekehrt \u00e4ndern?","isPartOf":{"@id":"https:\/\/carershelp.com\/#website"},"datePublished":"2025-05-08T07:38:21+00:00","dateModified":"2025-10-15T07:46:37+00:00","breadcrumb":{"@id":"https:\/\/carershelp.com\/ufaq\/can-i-change-the-account-from-admin-to-carer-and-vice-versa\/#breadcrumb"},"inLanguage":"de-DE","potentialAction":[{"@type":"ReadAction","target":["https:\/\/carershelp.com\/ufaq\/can-i-change-the-account-from-admin-to-carer-and-vice-versa\/"]}]},{"@type":"BreadcrumbList","@id":"https:\/\/carershelp.com\/ufaq\/can-i-change-the-account-from-admin-to-carer-and-vice-versa\/#breadcrumb","itemListElement":[{"@type":"ListItem","position":1,"name":"Home","item":"https:\/\/carershelp.com\/it\/"},{"@type":"ListItem","position":2,"name":"FAQs","item":"https:\/\/carershelp.com\/ufaq\/"},{"@type":"ListItem","position":3,"name":"Can I change the account from admin to carer and vice versa?"}]},{"@type":"WebSite","@id":"https:\/\/carershelp.com\/#website","url":"https:\/\/carershelp.com\/","name":"Carers Help","description":"","potentialAction":[{"@type":"SearchAction","target":{"@type":"EntryPoint","urlTemplate":"https:\/\/carershelp.com\/?s={search_term_string}"},"query-input":{"@type":"PropertyValueSpecification","valueRequired":true,"valueName":"search_term_string"}}],"inLanguage":"de-DE"}]}},"_links":{"self":[{"href":"https:\/\/carershelp.com\/de\/wp-json\/wp\/v2\/ufaq\/129","targetHints":{"allow":["GET"]}}],"collection":[{"href":"https:\/\/carershelp.com\/de\/wp-json\/wp\/v2\/ufaq"}],"about":[{"href":"https:\/\/carershelp.com\/de\/wp-json\/wp\/v2\/types\/ufaq"}],"author":[{"embeddable":true,"href":"https:\/\/carershelp.com\/de\/wp-json\/wp\/v2\/users\/1"}],"replies":[{"embeddable":true,"href":"https:\/\/carershelp.com\/de\/wp-json\/wp\/v2\/comments?post=129"}],"wp:attachment":[{"href":"https:\/\/carershelp.com\/de\/wp-json\/wp\/v2\/media?parent=129"}],"wp:term":[{"taxonomy":"ufaq-category","embeddable":true,"href":"https:\/\/carershelp.com\/de\/wp-json\/wp\/v2\/ufaq-category?post=129"},{"taxonomy":"ufaq-tag","embeddable":true,"href":"https:\/\/carershelp.com\/de\/wp-json\/wp\/v2\/ufaq-tag?post=129"}],"curies":[{"name":"wp","href":"https:\/\/api.w.org\/{rel}","templated":true}]}}

Kann ich das Konto von Administrator zu Pflegekraft und umgekehrt ändern?

<div  class="ewd-ufaq-faq-list ewd-ufaq-page-type-distinct ewd-ufaq-category-tabs-" id='ewd-ufaq-faq-list'>

	<input type='hidden' name='show_on_load' value='' id='ewd-ufaq-show-on-load' />
<input type='hidden' name='include_category' value='' id='ewd-ufaq-include-category' />
<input type='hidden' name='exclude_category' value='' id='ewd-ufaq-exclude-category' />
<input type='hidden' name='orderby' value='title' id='ewd-ufaq-orderby' />
<input type='hidden' name='order' value='asc' id='ewd-ufaq-order' />
<input type='hidden' name='post_count' value='-1' id='ewd-ufaq-post-count' />
<input type='hidden' name='current_url' value='/de/wp-json/wp/v2/ufaq/129' id='ewd-ufaq-current-url' />
	
	
	<div class='ewd-ufaq-faqs'>

		<div  class="ewd-ufaq-faq-div ewd-ufaq-faq-column-count-one ewd-ufaq-faq-responsive-columns- ewd-ufaq-faq-display-style-default ewd-ufaq-can-be-toggled" id='ewd-ufaq-post-129-NdoNtmW8hZ' data-post_id='129'>

		
	<div class='ewd-ufaq-faq-title ewd-ufaq-faq-toggle'>
	
	<a class='ewd-ufaq-post-margin'  href='#' role="button">

		<div class='ewd-ufaq-post-margin-symbol ewd-ufaq-'>
			<span >A</span>
		</div>

		<div class='ewd-ufaq-faq-title-text'>

			<h4>
				Kann ich das Konto von Administrator zu Pflegekraft und umgekehrt ändern?			</h4>

		</div>

		<div class='ewd-ufaq-clear'></div>

	</a>
	
</div>
	
	<div class='ewd-ufaq-faq-body' >

		
			
		
			<div class='ewd-ufaq-post-margin ewd-ufaq-faq-post'>
	<p><span style="font-weight: 400">Ja, in Ihrem Profil können Sie das Konto von Pflegekraft zu </span><span style="font-weight: 400">Administrator </span><span style="font-weight: 400">und umgekehrt ändern, indem Sie den Schalter mit der Bezeichnung „Pflegekraft“ aktivieren oder deaktivieren. So können Sie ein „Pflegekraft“-Konto haben, wenn Sie als Pflegekraft für eine Familie arbeiten oder ein Familienmitglied sind, das einfach auf dem Laufenden bleiben möchte, und ein </span><span style="font-weight: 400">„Admin</span><span style="font-weight: 400">“-Konto, wenn die Familienmitglieder Ihres Klienten kein Konto erstellt haben oder wenn Sie auch einen geliebten Menschen verwalten.</span></p>
</div>
		
			
		
			
		
			
		
			
		
			
		
			
		
			
		
			
		
	</div>

</div>
	</div>

	
</div>

<p>A Kann ich das Konto von Administrator zu Pflegekraft und umgekehrt ändern? Ja, in Ihrem Profil können Sie das Konto von Pflegekraft zu Administrator und umgekehrt ändern, indem Sie den Schalter mit der Bezeichnung „Pflegekraft“ aktivieren oder deaktivieren. So können Sie ein „Pflegekraft“-Konto haben, wenn Sie als Pflegekraft für eine Familie arbeiten oder ein Familienmitglied&hellip; <a class="more-link" href="https://carershelp.com/de/ufaq/can-i-change-the-account-from-admin-to-carer-and-vice-versa/"><span class="screen-reader-text">Kann ich das Konto von Administrator zu Pflegekraft und umgekehrt ändern?</span> weiterlesen</a></p>

<!-- This site is optimized with the Yoast SEO plugin v26.6 - https://yoast.com/wordpress/plugins/seo/ -->
<title>Kann ich das Konto von Administrator zu Pflegekraft und umgekehrt ändern?</title>
<meta name="robots" content="index, follow, max-snippet:-1, max-image-preview:large, max-video-preview:-1" />
<link rel="canonical" href="https://carershelp.com/de/ufaq/can-i-change-the-account-from-admin-to-carer-and-vice-versa/" />
<meta property="og:locale" content="de_DE" />
<meta property="og:locale:alternate" content="en_AU" />
<meta property="og:locale:alternate" content="it_IT" />
<meta property="og:locale:alternate" content="es_ES" />
<meta property="og:locale:alternate" content="ro_RO" />
<meta property="og:type" content="article" />
<meta property="og:title" content="Kann ich das Konto von Administrator zu Pflegekraft und umgekehrt ändern?" />
<meta property="og:description" content="A Kann ich das Konto von Administrator zu Pflegekraft und umgekehrt ändern? Ja, in Ihrem Profil können Sie das Konto von Pflegekraft zu Administrator und umgekehrt ändern, indem Sie den Schalter mit der Bezeichnung „Pflegekraft“ aktivieren oder deaktivieren. So können Sie ein „Pflegekraft“-Konto haben, wenn Sie als Pflegekraft für eine Familie arbeiten oder ein Familienmitglied&hellip; Kann ich das Konto von Administrator zu Pflegekraft und umgekehrt ändern? weiterlesen" />
<meta property="og:url" content="https://carershelp.com/de/ufaq/can-i-change-the-account-from-admin-to-carer-and-vice-versa/" />
<meta property="og:site_name" content="Carers Help" />
<meta property="article:modified_time" content="2025-10-15T07:46:37+00:00" />
<meta name="twitter:card" content="summary_large_image" />
<meta name="twitter:label1" content="Geschätzte Lesezeit" />
	<meta name="twitter:data1" content="1 Minute" />
<script type="application/ld+json" class="yoast-schema-graph">{"@context":"https://schema.org","@graph":[{"@type":"WebPage","@id":"https://carershelp.com/ufaq/can-i-change-the-account-from-admin-to-carer-and-vice-versa/","url":"https://carershelp.com/ufaq/can-i-change-the-account-from-admin-to-carer-and-vice-versa/","name":"Kann ich das Konto von Administrator zu Pflegekraft und umgekehrt ändern?","isPartOf":{"@id":"https://carershelp.com/#website"},"datePublished":"2025-05-08T07:38:21+00:00","dateModified":"2025-10-15T07:46:37+00:00","breadcrumb":{"@id":"https://carershelp.com/ufaq/can-i-change-the-account-from-admin-to-carer-and-vice-versa/#breadcrumb"},"inLanguage":"de-DE","potentialAction":[{"@type":"ReadAction","target":["https://carershelp.com/ufaq/can-i-change-the-account-from-admin-to-carer-and-vice-versa/"]}]},{"@type":"BreadcrumbList","@id":"https://carershelp.com/ufaq/can-i-change-the-account-from-admin-to-carer-and-vice-versa/#breadcrumb","itemListElement":[{"@type":"ListItem","position":1,"name":"Home","item":"https://carershelp.com/it/"},{"@type":"ListItem","position":2,"name":"FAQs","item":"https://carershelp.com/ufaq/"},{"@type":"ListItem","position":3,"name":"Can I change the account from admin to carer and vice versa?"}]},{"@type":"WebSite","@id":"https://carershelp.com/#website","url":"https://carershelp.com/","name":"Carers Help","description":"","potentialAction":[{"@type":"SearchAction","target":{"@type":"EntryPoint","urlTemplate":"https://carershelp.com/?s={search_term_string}"},"query-input":{"@type":"PropertyValueSpecification","valueRequired":true,"valueName":"search_term_string"}}],"inLanguage":"de-DE"}]}</script>
<!-- / Yoast SEO plugin. -->

[:en]Can I change the account from admin to carer and vice versa?[:it]Can I change the account from admin to carer and vice versa?[:de]Kann ich das Konto von Administrator zu Pflegekraft und umgekehrt ändern?[:es]¿Puedo cambiar de cuenta de gestor a cuidador y viceversa?[:] - Carers Help

A Kann ich das Konto von Administrator zu Pflegekraft und umgekehrt ändern? Ja, in Ihrem Profil können Sie das Konto von Pflegekraft zu Administrator und umgekehrt ändern, indem Sie den Schalter mit der Bezeichnung „Pflegekraft“ aktivieren oder deaktivieren. So können Sie ein „Pflegekraft“-Konto haben, wenn Sie als Pflegekraft für eine Familie arbeiten oder ein Familienmitglied&hellip; Kann ich das Konto von Administrator zu Pflegekraft und umgekehrt ändern? weiterlesen
